 prime factors of (8/(-18))/(2/(-27)) + 58711 + -3?
2, 31, 947
Let a(t) = t**3 + 9*t**2 - t - 7. Let j be a(-9). Let b(z) = 59*z**3 + 2*z**2 - 8*z + 8. List the prime factors of b(j).
2, 59
Let v = -235 - -235. What are the prime factors of (-8 + -1638)/(v - 2)?
823
Let r(u) = 5*u**2 - 2*u + 1. Let b be r(1). Let x(f) = 3*f**3 + 55*f**2 + 18*f - 2. Let s be x(-18). What are the prime factors of s/((-6)/183) + b?
5, 13
Suppose 0 = o + 4*o + 1990. Let l = 281 + o. Let s = 219 + l. List the prime factors of s.
2, 3, 17
Let i be 7/(-1*4/(36/(-3))). Suppose 4*o - 2*u + 6*u = 4, 5*o - i = 3*u. Suppose 5*w = o*d + 622 - 200, 258 = 3*w - 3*d. List the prime factors of w.
2, 41
Suppose -4*y + 18 = -18. Suppose -5*t = 11 + y. List the prime factors of 25 + -1*(t + 5).
2, 3
Let f(y) = 8*y - 54. Let o be f(-15). Let g = o - -440. What are the prime factors of g?
2, 7, 19
Let b(z) = 2*z**3 + 9*z**2 + 3*z + 22. Let l(u) = u**2 + u - 1. Let h(m) = b(m) - 6*l(m). List the prime factors of h(5).
2, 13
Suppose 0 = 5*v - 5*q - 10550, 21*q - 25*q + 6295 = 3*v. What are the prime factors of v?
5, 421
Let m = 2604 + -502. What are the prime factors of m?
2, 1051
Let c(f) = 1867*f**2 + 603*f - 3630. What are the prime factors of c(6)?
2, 3, 5, 7
Let j(h) = h**3 - 2*h**2 + h - 4. Let t be j(2). List the prime factors of t/1 + 137 + 9.
2, 3
Suppose -4*a + 4*p + 1620 = 0, 518 = 4*a - p - 1096. Let g = -122 + a. What are the prime factors of g?
281
Suppose 0 = -4*w + 3*c, 0*w - 5*c = -4*w + 8. What are the prime factors of (499 - (-8)/(1 - w)) + 4?
5, 101
Suppose -5*g + 5*c + 8305 = 0, -3*c + 7*c = -3*g + 5004. Suppose -12*s = -16*s + g. List the prime factors of s.
2, 13
What are the prime factors of (9 - 7 - -4579)*3?
3, 509
Let r(i) = -2777*i + 38. What are the prime factors of r(-1)?
5, 563
Let u be -9*4/(-6) - -2. Suppose 4*j - u*j = -1024. List the prime factors of j.
2
Suppose 2*o + 2*o = 3*r + 19188, 2*r = -o + 4786. What are the prime factors of o?
2, 3, 17, 47
Let n(k) = -k**2 - 10 - 16 + 27. Let c(x) = 20*x**2 + 4*x + 2. Let l(s) = c(s) + 8*n(s). What are the prime factors of l(-3)?
2, 53
Let h(r) = r**3 - 12*r**2 + 13*r - 22. Let f be h(10). Let d = 388 + f. What are the prime factors of d?
2, 37
Let i = 165 - 155. Suppose c = -4*s + 982, 0 = 32*s - 34*s + i. List the prime factors of c.
2, 13, 37
Suppose 0*h = -4*g + 5*h - 198, 5*h = 10. Let t = 56 + g. Suppose -t*a = -2*a - 539. List the prime factors of a.
7, 11
Suppose 290 = -24*w - 5*w. List the prime factors of w/4*(-6)/5*317.
3, 317
Let w(n) = 130*n**2 - 348*n + 2476. List the prime factors of w(7).
2, 5, 641
Suppose 41*o - 8006 - 30575 = 0. Let x = o + 714. List the prime factors of x.
5, 331
Suppose 0 = -635*j + 639*j - 2*v - 38220, 3*j - 28679 = -2*v. What are the prime factors of j?
19, 503
Suppose 3308 = -28*v - 18728. Let c = v - -1752. List the prime factors of c.
5, 193
Let q(p) = -18*p**3 + p**2 - 12*p - 32. List the prime factors of q(-9).
7, 271
Suppose 21*y - 24*y = -6. Suppose -p = -h - 233 + 737, 5*h + y*p = 2555. List the prime factors of h.
509
Let q(m) = -2*m**2 + m + 5. Let x be q(-3). Let r = x + 8. What are the prime factors of r + 4 - -102 - (-2 + 2)?
2, 7
Suppose 0*z + 10 = -4*z - 2*j, 13 = 2*z - 5*j. List the prime factors of ((-1708)/(-14))/(z/(-6)).
2, 3, 61
Let d(n) = n**3 + 9*n**2 - 9*n + 8. Let s be d(-10). Let t(y) = 220*y - 2. Let w(g) = 548*g - 6. Let r(o) = 12*t(o) - 5*w(o). List the prime factors of r(s).
2, 103
Let n(s) be the first derivative of -65*s**2/2 + 26*s - 68. List the prime factors of n(-3).
13, 17
Suppose -12784 = 24*o - 558472. What are the prime factors of o?
3, 11, 13, 53
Let q(c) = -c**3 - 3*c**2 - 19*c - 5. Let j be q(-4). Let o = -56 + j. What are the prime factors of o?
31
Let b(o) = -3*o - 1. Let x be (24/(21/(-7)))/1. What are the prime factors of b(x)?
23
Let i(m) = m**3 + 10*m**2 + m + 23. Let s be i(-8). Suppose 3*b - 5*k + 6*k - 150 = 0, 5*b + 3*k = 246. Let n = s + b. What are the prime factors of n?
2, 97
Let u be (-456)/(-33) - (62/22 - 3). Suppose -u*i = -9*i - 500. What are the prime factors of i?
2, 5
Let n = -821 + 120. Let b = -495 - n. List the prime factors of b.
2, 103
Suppose -5 + 57 = 13*h. Suppose i + h*x - 1686 = x, 12 = 4*x. What are the prime factors of i?
3, 13, 43
Suppose -6*r + 10 = -2. Let u be r/(4/(-64)*4/(-50)). Let g = -270 + u. What are the prime factors of g?
2, 5, 13
Let l = 4637 + 2599. What are the prime factors of l?
2, 3, 67
Let s(d) be the second derivative of -67*d**3/3 + 111*d**2/2 - 4*d - 2. What are the prime factors of s(-6)?
3, 5, 61
Suppose -4*q + j + 84991 = 0, -10*q + 14*j = 12*j - 212474. What are the prime factors of q?
2, 3, 3541
Let c(f) = -33*f**3 + 18*f**2 - 66*f - 488. What are the prime factors of c(-7)?
5, 487
Suppose 14*h = 15*h - 4*r - 6467, -2*h + 3*r + 12929 = 0. What are the prime factors of h?
23, 281
Let o = 34 + -16. Let j(q) = -5*q + 7. Let s be j(-5). Let x = o + s. What are the prime factors of x?
2, 5
Let h(c) = -308*c - 15. Let b be h(-1). Suppose -2543 = -5*u - b. List the prime factors of u.
2, 3, 5
Let b(r) = 4*r + 21. Let x be b(0). Let q = 31 - x. Let i(k) = k**3 - 9*k**2 + k + 14. List the prime factors of i(q).
2, 31
Suppose 0 = -f - 13*f + 8064. Suppose -x + 429 = y, -4*y - 3*x + 1136 = -f. What are the prime factors of y?
5, 17
Suppose -2*t = 2*u + 31559 - 4539, 2*t + 27020 = 4*u. What are the prime factors of (-18)/12*t/21?
5, 193
Suppose 5*q + 114395 = 5*x, 70994 = 5*x - 4*q - 43396. List the prime factors of x.
2, 11437
Suppose 12 = 4*x - 5*x. Let z = x + 15. Suppose -p = -4*n + 527, -z*p + 8*p + 259 = 2*n. List the prime factors of n.
2, 3, 11
Let u = -118869 + 201380. What are the prime factors of u?
11, 13, 577
Let q(z) be the first derivative of -z**4/4 - z**3/3 - 21*z**2/2 - 43*z - 191. List the prime factors of q(-8).
3, 191
Suppose 0 = -36*w + 39*w + 1881. Let g = -270 - w. List the prime factors of g.
3, 7, 17
Let w(s) be the first derivative of 24*s**2 + 131*s + 4. List the prime factors of w(7).
467
Suppose -4*u + 43 = 5*b, 0*b + b = 5*u + 26. Let l = 243 + 3. Suppose -b = t - l. What are the prime factors of t?
5, 47
Suppose -6*c - 7 + 7 = 0. Suppose -8*o + 26 - 10 = c. Suppose -2*t - 218 = -4*r, -2*r + 134 = o*t + 2*t. What are the prime factors of r?
3, 19
Let l(d) = 42*d - 111. Suppose 115*h - 111*h - 132 = 0. What are the prime factors of l(h)?
3, 5, 17
Let i(l) = -l**2 + 172. Let q = 85 + -85. Let c be i(q). Suppose -c = -2*b + 3*s, 4*b - 5*s - 118 = 222. What are the prime factors of b?
2, 5
Suppose -34*a + 28405 = -7*a - 14*a. What are the prime factors of a?
5, 19, 23
Let j(k) = -43*k**2 + 1. Let v be j(-2). Suppose 301 + 75 + 66 = 34*q. Let d = q - v. What are the prime factors of d?
2, 23
Suppose 32*b + 8 = 34*b. What are the prime factors of 24*15/b*286/33?
2, 3, 5, 13
List the prime factors of (-978 + 232)/((2/(-5))/1).
5, 373
What are the prime factors of (66/4)/(144/45312)?
2, 11, 59
Let y = -17577 - -62738. List the prime factors of y.
45161
Let a(o) = 8*o**2 - 184*o - 109. List the prime factors of a(86).
5, 8647
Let b = 16973 + 54116. List the prime factors of b.
71089
Suppose 0 = -34*p + 163*p + 2*p - 257415. What are the prime factors of p?
3, 5, 131
Let p(z) = -z**3 + 6*z**2 + 9*z - 7. Let o be p(7). Suppose 2*f - 101 = y, 5*f - 251 = -o*y + 10*y. What are the prime factors of f?
2, 13
Suppose 4*b - 128 = -4*b. Suppose -b = 4*i + 16. Let x = i + 19. What are the prime factors of x?
11
Let o be 12/(-54) + 0 + (-2293)/9. Let u = o + 357. Suppose -6*j - u = -648. List the prime factors of j.
7, 13
Suppose 562600 + 588345 = 69*r - 469727. List the prime factors of r.
2, 367
Let x be 62 + (-94)/18 + (-2)/(-9). List the prime factors of 8/(-6) - (-14041)/x.
5, 7
Let n(s) = 249*s - 111*s - 82*s - 124 - 81*s. What are the prime factors of n(-15)?
251
Let r be 6/((-4)/8*-4). Let a be (-1 + r)/(-2) + (5 - 2). Suppose -3*n - 2*w + 4*w = -74, 3*n + a*w = 82. List the prime factors of n.
2, 13
List the prime factors of 28/4 - (0 - -1 - (17868 + -1)).
61, 293
List the prime factors of (-4522 + (-84)/(-7))*(1 + -2).
2, 5, 11, 41
List the prime factors of (3 - (-32044)/(-8))/((-18)/36).
5, 1601
Suppose 695 = -17*h + 542. Let a(r) = -4*r**2 + 4*r + 1